3303 = 0. List the prime factors of v.
3331
List the prime factors of 52 + 1 - 1/(2/(-2)).
2, 3
Let i(m) = -3*m**2 + 10*m - 8. Let s be i(-7). Let q = 397 + s. List the prime factors of q.
2, 43
Let s = 72 - 65. Suppose -2*u - 760 = -4*o, 5*o + s*u - 972 = 4*u. List the prime factors of o.
2, 3
Let f = -58 - -63. Suppose 4*c = x + 519, -c + f*x + 99 = -26. List the prime factors of c.
2, 5, 13
Let g = -152 + 540. List the prime factors of g.
2, 97
Let a(g) = -27*g**3 + 7*g + 8. List the prime factors of a(-3).
2, 179
What are the prime factors of (1 + (-19590)/12)*(3 - 5)?
13, 251
Let y(g) = 4*g + 3. Let d(x) = -9*x - 5. Let w(m) = 2*d(m) + 5*y(m). Let q be w(4). Let k = -3 + q. List the prime factors of k.
2, 5
Let w = -7 - -7. Suppose w = -3*b + 73 + 32. What are the prime factors of b?
5, 7
Let t = 33 + -24. Let d(r) = -r + 22. List the prime factors of d(t).
13
Suppose 1 - 4 = 3*d + 3*o, 0 = -2*d - o. What are the prime factors of (9/(-6) + d)*-74?
37
Let p(j) = j**2. Let o(w) = 12*w**2 - 8*w - 3. Let u(x) = o(x) - 4*p(x). What are the prime factors of u(5)?
157
Let f = 159 - 275. Let k = -41 - f. List the prime factors of (k/12)/(1/4).
5
Suppose 0 = 2*q - 3*q. Suppose q = -4*i + 213 + 187. What are the prime factors of i?
2, 5
Let g = 516 + 252. List the prime factors of g.
2, 3
Suppose 4*y - v - 11344 = 0, -11*v + 16*v + 5690 = 2*y. What are the prime factors of y?
3, 5, 7
Suppose -2*f = 0, -4*t = t - 3*f - 2235. List the prime factors of t.
3, 149
Let u = 1072 + -1563. Let m = u - -699. List the prime factors of m.
2, 13
Suppose -h = -16 - 18. Let c = 34 - h. Suppose 0 = 2*g + 2*a - 20, -4*a + c*a = -5*g + 14. List the prime factors of g.
2, 3
Let f(q) = 75*q**3 + 7*q**2 + 36*q - 139. List the prime factors of f(4).
3, 11, 149
Let x(r) = -r**2 - 3*r - 3. Let k be x(3). Let z = k - -84. List the prime factors of z.
3, 7
Suppose -3*t + t = -30. Let o(m) = -m**2 + 5*m + 9. Let p be o(-2). Let c = p + t. List the prime factors of c.
2, 5
Let q(i) = -i**3 + 6*i**2 - 5*i + 3. Let w = 4 + 1. Let n be q(w). List the prime factors of ((-14)/3 + n)*-3.
5
Let d(u) be the second derivative of 5*u**4/6 + u**3/6 + u**2 + u. Let c be (-2 - (-15)/5)*(-3 + 1). List the prime factors of d(c).
2, 5
Suppose -s - 3 = -6. Suppose -2*z = -j - s - 4, -5*j + 40 = 5*z. Suppose j*i + 22 = -y + 2*y, 3*i + 50 = 5*y. List the prime factors of y.
7
Let f = 81 + -307. What are the prime factors of (f/(-6))/((-7)/(-21))?
113
Let x = 22 + -26. List the prime factors of x - (-20)/5 - -72.
2, 3
Let z be (3 + (-84)/18)/((-3)/(-9)). Let d(i) = 45*i. Let b(o) = -15*o. Let s(j) = -11*b(j) - 4*d(j). List the prime factors of s(z).
3, 5
Let z = 2226 + -1434. List the prime factors of z.
2, 3, 11
Suppose -v + 12 = 5*v. List the prime factors of (-1212)/(-9) - (-3)/(-9)*v.
2, 67
Let r(w) = 2*w**2 + 3*w - 3. Let q(o) = 4*o**2 + 6*o - 6. Let u(h) = -6*q(h) + 13*r(h). Let j = -35 - -39. List the prime factors of u(j).
41
Let o(n) = 15*n**2 - 3*n - 17. List the prime factors of o(13).
37, 67
Let o be 42/(-56) + (-399)/(-4). Let x = 7 + o. List the prime factors of x.
2, 53
Let d(m) = -182*m**3 + 2*m**2 - 3*m - 4. What are the prime factors of d(-2)?
2, 733
Suppose -2*o = -3*p + 10 + 13, o = 4*p - 39. Let c(d) = 7*d - 17. What are the prime factors of c(p)?
2, 3, 5
Suppose -3*w + 5*j + 2461 = -583, 4*w - 4056 = 4*j. List the prime factors of w.
1013
Let y be (4/(-12))/((-1)/6). Suppose -3*u = 2*w - 5*u - 76, -u - y = 0. What are the prime factors of w?
2, 3
Let t(s) = 10*s + 14. Suppose 5*p - 20 = 7*p. Let b be t(p). Let f = b + 121. What are the prime factors of f?
5, 7
Let x(t) = 615*t**2 - 14*t - 38. List the prime factors of x(-2).
2, 5, 7
Suppose 0 = 16*s - 14*s - 2004. List the prime factors of s.
2, 3, 167
Let p be ((-62)/(-4))/(1/(-2)). Let q = 19 + p. Let x(o) = o**3 + 11*o**2 - 12*o + 10. What are the prime factors of x(q)?
2, 5
Let h = -155 - -29. Let u be (2/3)/((-14)/h). Suppose -u = d - 23. List the prime factors of d.
17
Suppose -640 = -5*q - 5*z, 5*q + z + 55 - 699 = 0. List the prime factors of q.
3, 43
Let c = 1176 + -742. List the prime factors of c.
2, 7, 31
Let u = 6593 + -4555. List the prime factors of u.
2, 1019
Let q(k) = 7*k**2 + 29*k. Let g(x) = -2*x**2 - 10*x. Let f(w) = 17*g(w) + 6*q(w). Let l be f(-3). List the prime factors of l/(-3*2/(-6)).
2, 3, 5
Suppose -4*j = j + 20. Let i = 2 + j. What are the prime factors of 33 - (0 + i - -4)?
31
Let r(p) = -p**2 - 58*p - 130. List the prime factors of r(-44).
2, 3
Suppose -3*f = 3*i - 18, -2*i - 3*i + 6 = -3*f. Suppose 0 = -i*j + 15. What are the prime factors of (-3 - j)*2/(-4)?
2
Let h(t) = 10*t + 292. What are the prime factors of h(6)?
2, 11
Suppose -d + 5613 = 2*p, -5607 = -d - 0*p - 4*p. List the prime factors of d.
3, 1873
Let q = 1393 + 1133. What are the prime factors of q?
2, 3, 421
Let z(y) = -y**3 + 2*y**2 + 11*y - 7 + 2*y**2 - 6*y. Let m be z(5). List the prime factors of 0 + 1 - (m - -5).
3
Let u(i) = -i - 4. Let j be u(-4). Suppose 2*a + 4*g = 22, -2*g - 4 = -4*a - j. Suppose -l - a*l + 64 = 0. What are the prime factors of l?
2
Let z(x) = -x**3 + 7*x**2 + 1. Let w be z(7). List the prime factors of (-18)/4*(w + -3).
3
Suppose -5*y + 54*i = 49*i - 4400, -5*y = 4*i - 4391. List the prime factors of y.
3, 293
Let s(m) = 2*m**2 + 60*m + 80. What are the prime factors of s(-36)?
2
Suppose -170 = -3*w + 5*y, w + 5 = 5*y + 65. What are the prime factors of w?
5, 11
Let d be 57/((-3 + 6)/(-9)). Let q be (3 - 2)/((-3)/d). Suppose -3*l - 7*o + 2*o = -q, 4*l + 4*o = 84. List the prime factors of l.
2, 3
Suppose 8*y - 6*y - 3986 = 0. List the prime factors of y.
1993
Let o(s) = -5*s**2 + 2*s - 9. Let m(w) = w**2 + 1. Let u(d) = 6*m(d) + o(d). Let n be u(-3). Suppose n = j + 4 - 23. List the prime factors of j.
19
Let o be ((-20)/(-8) + -4)*-2. Suppose 14*r = o*r + 1001. List the prime factors of r.
7, 13
Let d = -65 - -69. List the prime factors of d/30 - 27234/(-270).
101
Let j be 3/12 - 15/(-4). Let i = -7 + j. What are the prime factors of (-1)/i + 231/9?
2, 13
What are the prime factors of (1*(-5)/5)/((-3)/2313)?
3, 257
Let l(b) = b + 35. Let j be l(-15). Let m be j/6*(-30)/(-20). Suppose 2*q + 0*q - m*f - 54 = 0, -94 = -4*q + 3*f. List the prime factors of q.
2, 11
Let t = 3519 + -260. List the prime factors of t.
3259
Suppose -3*n - k = -1760, 5*k - 28 = -3. List the prime factors of n.
3, 5, 13
Let d(l) = -2*l - 59. Let m be d(-30). Let k(p) = 82*p**2 + 2*p - 3. What are the prime factors of k(m)?
3
Suppose -2 = -t, l = 3*t - 0*t + 286. Suppose 0 = -9*u + 374 + l. What are the prime factors of u?
2, 37
Let w(v) = -4 - 29*v - 10*v - 16 + 7. What are the prime factors of w(-4)?
11, 13
Suppose -12*t - 5831 = -29*t. List the prime factors of t.
7
Suppose -5*b + 1111 - 2831 = 0. Let j = -170 - b. List the prime factors of j.
2, 3, 29
Let j = 7 + -2. Suppose -4*g + 87 = -5*v, j*g = -3*v - v + 160. Let i = 57 - g. List the prime factors of i.
29
Suppose 0*c + 4 = 4*c, 3*p - 2590 = -c. List the prime factors of p.
863
Let g(c) = 46*c + 11. Let m(l) = -l. Let u(y) = -g(y) + 6*m(y). What are the prime factors of u(-3)?
5, 29
Let s(r) = -6*r - 14. Let v be s(-4). Let x be (-6 + v)*118/8. Let h = 86 - x. List the prime factors of h.
3
Suppose 5*w = 3*a + 4*w - 47, 3 = 3*w. What are the prime factors of a?
2
Let a = -15 - -11. Let l be (0 - 0)*(-4)/a. Suppose l = -5*i + 32 - 17. What are the prime factors of i?
3
Let n(k) be the first derivative of -k**2/2 - 13*k + 3. Let o be n(-6). Let v = 6 - o. What are the prime factors of v?
13
Let o(p) = 29*p + 2. Let z = -25 + 26. List the prime factors of o(z).
31
Let u(l) = 2*l**2 - 5. Let r be u(-4). Suppose 0 = -4*m - 4*o + 200, 4*m + 2*o + 94 = 290. Let a = m - r. List the prime factors of a.
3, 7
Let o be 11*(7 + -4 + -2). Let l = 104 - o. What are the prime factors of l?
3, 31
Let p(s) = -5*s**2 + s + 3. Let x be p(-3). Let v = 96 + x. List the prime factors of v.
3, 17
Let i(r) = -r**3 - 6*r**2 + 2*r + 10. Let p be i(-6). Let n = p + 12. List the prime factors of n.
2, 5
Let w(x) = 8*x**2 + 5*x + 3. Let c be w(-5). Suppose 0 = 2*u - 4*h - c, -u - 2*h + 95 = -7*h. What are the prime factors of u?
5, 17
Let y(g) = 5*g**3 - 45*g**2 - 21*g + 55. Let j(m) = 2*m**3 